or of p and 29.
29
Let b = -6 - -9. Suppose -3*x + 99 = b*d, 32 = 2*x - 3*d - 49. What is the highest common factor of x and 9?
9
Let n(t) = -t**2 - 17*t + 43. Let u be n(-19). Suppose -6 = -u*o + 4, -2*b = -o - 46. Calculate the highest common factor of 60 and b.
12
Let h(m) = -42*m + 4. Let j be h(-1). Suppose 5*p - 131 + j = 0. Calculate the greatest common divisor of 17 and p.
17
Suppose 0 = -2*h + 4*z + 38, -5*z = -61*h + 60*h + 13. Calculate the highest common factor of 391 and h.
23
Let k(g) = -g**3 - 6*g**2 + 7*g - 7. Let v be k(-7). Let j be (v + (-726)/(-42))/(6/28). Calculate the highest common factor of 240 and j.
48
Suppose -2*t + 5 = -1. Let o be (t - -1) + 0 - 1. Suppose 5*w - 25 = 0, -3*z - o*w = -5*w - 194. Calculate the highest common factor of z and 17.
17
Let p be ((-189)/(-45))/(2/(-10)). Let y = -18 - p. Suppose 0*k - y*k = -3. What is the highest common divisor of 7 and k?
1
Suppose -28*t + 68*t = 5720. What is the greatest common divisor of 351 and t?
13
Suppose 3*s - s = 4*z + 44, 0 = -4*z - 20. Let j(d) = d**2 + 7*d - 4. Let y = 11 + -19. Let i be j(y). Calculate the highest common factor of s and i.
4
Let l be (-2)/((248/48)/(-31)). Let p = 40 + 80. What is the highest common factor of l and p?
12
Suppose 0 = 4*a, -6*a = -2*c - 5*a + 28. Calculate the highest common factor of c and 7.
7
Suppose -h + 1 = 3*c, -6*c = -3*c - 3*h - 21. Suppose 31 = c*w + 21. Calculate the highest common divisor of 15 and w.
5
Let b = 10 - 5. Let y be (-6)/(12/(-74)) + -12. What is the greatest common factor of b and y?
5
Let m = 72 - 62. Let g = 40 + -25. Calculate the greatest common factor of g and m.
5
Let k be (-2365)/(-35) - 4 - (-6)/14. What is the highest common divisor of k and 704?
64
Let a be 4 - (0 - (-4)/(-1)). Let t be 7*(-1)/((-21)/72). What is the greatest common factor of a and t?
8
Let i = 34 - 13. Let t be 2 + 1 + (i - 8). Calculate the highest common factor of t and 112.
16
Let j be (10 + -14)/(6/(-63)). Calculate the highest common divisor of 9 and j.
3
Suppose z = 2*z + 4. Let c be 2/(-8)*z*5. Suppose 0*n = -c*n + 30. Calculate the highest common factor of n and 6.
6
Suppose -2*f = a - f - 34, -4*a + 3*f = -108. Let h(w) = 2*w**3 - 109*w**2 + 52*w + 123. Let p be h(54). Calculate the highest common factor of a and p.
15
Let g be -7 - -5 - -5 - -9*4. What is the highest common divisor of g and 156?
39
Let n(s) = s**2 - 5*s + 1. Suppose 5*d + 2*o = 18, 4*o = d + 2*o + 6. Suppose -2*f = d*f - 24. Let m be n(f). Calculate the greatest common divisor of m and 1.
1
Let s(q) = 3*q**2 + 8*q + 43. Let g be s(-5). Calculate the greatest common divisor of 6 and g.
6
Suppose -7*v + 3978 = 11*v. What is the greatest common divisor of v and 34?
17
Suppose j - 5*r - 50 = 0, 2*j + 3*r = 16 + 45. Let h be 12/(-10)*(-8940)/18. Let c = h + -351. What is the greatest common factor of c and j?
35
Let b = 423 + -395. Calculate the highest common factor of 49 and b.
7
Let y(g) = -g**2 + 13*g - 18. Let c be y(6). What is the highest common factor of 72 and c?
24
Suppose -60*b + 55*b = -4640. Calculate the highest common factor of 29 and b.
29
Let k = -174 - -64. Let v be (k/6)/((-2)/6). Calculate the highest common factor of 22 and v.
11
Suppose 4*g - g = 0. Suppose -l + g*l = -20. Suppose -r + l = -5. What is the greatest common factor of r and 10?
5
Let p = -776 - -1116. Calculate the highest common factor of 40 and p.
20
Let o be 2/9 - (-48755)/315. What is the greatest common factor of o and 124?
31
Let r(c) = c**3 - 28*c**2 + 52*c + 8. Let z be r(26). What is the greatest common factor of z and 16?
8
Let v be -2*(-1)/(-2) - -4. Suppose -k = f - 58, -v*f - 2*k + 6*k = -188. Suppose -26*b - 20*b = -1840. Calculate the highest common factor of b and f.
20
Suppose 5822 + 1218 = 44*k. Let t be (-10)/55 + 326/(-22). Let l = t - -35. Calculate the greatest common factor of k and l.
20
Let n be (10 - 7)*(-950)/(-15). What is the greatest common divisor of n and 152?
38
Suppose 2*v = -4*b - 36, 1 = 4*v - 7. Let a be (-2)/5 + (-274)/b. Suppose -a = 2*p - 75. Calculate the greatest common divisor of 8 and p.
8
Let d be (-2)/3 + 350/21. Let v(i) = -1 + i**2 - 8*i + 8*i. Let b be v(-3). What is the greatest common divisor of b and d?
8
Let z = 294 - 292. What is the greatest common divisor of z and 19?
1
Suppose -123 = 3*h - f, 0*h + 2*h - 5*f + 69 = 0. Let w be (h/5)/((-12)/40). Let t(d) = 39*d + 3. Let c be t(1). What is the greatest common factor of w and c?
14
Let l be ((-21)/(-6))/((-4)/(-48)). Suppose -3*z + 39 = 3*v, 47 + 0 = 3*v - 5*z. What is the highest common factor of v and l?
14
Let o = 2 - 1. Let j = -50 - -89. Suppose 0 = 5*v + 2*w - 2 - j, 4*w + 53 = 5*v. Calculate the highest common divisor of v and o.
1
Let f = 4 + 19. Suppose -f = -4*j - 4*u + 225, -181 = -3*j - 4*u. Suppose j = k + 19. Calculate the greatest common divisor of 24 and k.
24
Suppose 5*m + 13 = i, -4*m - 5 = -i + 10. Suppose -4*r = 4*b - 96, b + b - 43 = 3*r. Calculate the highest common factor of b and i.
23
Let v be 1 - (-1 - -308) - 0. Let i be v/(-27) - 2/6. Suppose 6*z + i = 7*z. Calculate the highest common divisor of 44 and z.
11
Let s = -8 + 8. Suppose s = -b + 2*b, -5*b - 45 = -3*a. Calculate the highest common factor of 3 and a.
3
Let r = 3 - 1. Suppose 4*q + 13 = 8*q + n, r*n + 10 = 4*q. Suppose 0*l + 3*l = q. Calculate the greatest common divisor of l and 2.
1
Suppose -x + p + 83 = 0, 0*x + p = 2*x - 167. Suppose 15 + x = 3*a. Let o = -42 + 53. Calculate the highest common factor of a and o.
11
Let i be ((-1000)/(-175))/(2/21). What is the greatest common divisor of i and 45?
15
Suppose -17*f + 275 = 3. What is the highest common factor of f and 52?
4
Let o be 3*((-34)/(-3) + -2). What is the highest common divisor of o and 8?
4
Suppose -2*a = l - 270, -15*a + 12*a - l = -405. Let u = 21 - 6. What is the highest common divisor of u and a?
15
Let h = 31 - 34. Let n(c) = -2*c**3 - c**2 - 2*c - 3. Let k be n(h). Calculate the greatest common divisor of k and 6.
6
Let d = -16 + 49. What is the greatest common factor of 11 and d?
11
Let o be 616/21 - ((-20)/(-6))/(-5). Calculate the greatest common factor of o and 600.
30
Suppose -12*y + 15 = -15*y, 4*y = -v + 404. Calculate the highest common factor of 53 and v.
53
Let j(g) = 11*g - 19. Let w be j(11). Calculate the greatest common divisor of 6 and w.
6
Let m be (18/4)/((-1)/(-22)). Let r(y) = -2*y - 5. Let x(b) = 5*b + 98. Let q be x(-21). Let z be r(q). Calculate the greatest common factor of z and m.
9
Let p be 2 + (-1 + (-21)/(-15))*-5. Suppose 82 = 5*s - 2*f, 4*s + p*s + 4*f - 60 = 0. Let v be 1 + (77*1 - -2). Calculate the greatest common factor of s and v.
16
Let z be 0/(3/3 - 0). Suppose z = -n - 8 - 4. Let j = n + 66. What is the highest common factor of j and 81?
27
Let k(c) = 40*c - 224. Let a be k(6). Calculate the greatest common divisor of 1808 and a.
16
Let m be (128/(-20))/((8/2)/(-60)). Suppose -4 = -n, 3*j + 3*n - 259 - 185 = 0. Calculate the greatest common factor of j and m.
48
Let h = 15 - 18. Let y be ((-36)/15)/h*5. Suppose 5*a + o + 4*o - 85 = 0, -2*a + y*o + 46 = 0. Calculate the greatest common divisor of 152 and a.
19
Suppose -5*o = -w + 96, 0 = 18*o - 14*o. Suppose 4*k = -y + 3*k + 27, 0 = -k + 3. Calculate the highest common factor of y and w.
24
Let u(p) = -2*p - 4. Let a be u(0). Let f be (a + (-45)/(-3))/1. Let g(s) = -s**2 + 4*s + 6. Let z be g(5). Calculate the greatest common factor of z and f.
1
Let r be (-3)/(9810/(-1632) + 6). Calculate the highest common factor of 17 and r.
17
Let s be -1 + -1 + -8 + 5. Let g be (5 - 74/(-10))/((-2)/s). Calculate the highest common divisor of g and 155.
31
Let f = -570 - -843. What is the greatest common factor of f and 21?
21
Let i = 265 + -145. Let x be (-386)/(-26) + 78/507. What is the greatest common factor of x and i?
15
Suppose -5*s = -0*s - 40. Let c(x) = -7*x - 18. Let y be c(-20). Let v = y + -98. Calculate the highest common factor of s and v.
8
Let t(r) = -r**3 - 14*r**2 - 13*r + 10. Suppose 8 = i - 2*i + 5*w, -3*i = -4*w + 35. Let u be t(i). What is the greatest common divisor of 50 and u?
10
Let d = 2322 - 2310. Suppose 0 = -3*c - 5*b - 1, -2*b - 26 = -3*c + 8. What is the greatest common factor of c and d?
4
Let w be